c) = -334*c**3 + 7*c**2 - 6*c + 2. Is x(-7) composite?
True
Suppose -2 = 4*u + 2*l + 14, 4*u + 8 = 2*l. Let j be u + -1 - (6 - 10). Suppose -o + 88 - 77 = j. Is o composite?
False
Let j be ((1 - -1)*-1)/((-16)/708360). Suppose 164*m - 179*m + j = 0. Is m a composite number?
False
Is (224/(-49))/32*-726509 a prime number?
True
Suppose h + 1682 = 5*w, w = -3*h - 2*h + 352. Let v = w - -336. Is v a composite number?
False
Suppose 0 = -3*o - 21 + 33. Suppose r + 0*r - o*l = 5279, 0 = r + 5*l - 5324. Is r a composite number?
True
Is -2 + 6 - ((-5 - -6) + -255100) prime?
False
Let u = -391 + 389. Is u/12 + (-375883)/(-222) a composite number?
False
Suppose -2*i = -5*v - 3*i - 20, 3*v = -i - 10. Let a(n) = -n**3 - 4*n**2 + 2*n - 7. Let k be a(v). Is k/(-32) - 205/(-4) a composite number?
True
Let m = 444678 - 292987. Is m prime?
False
Let d(i) = 20041*i**2 - 101*i + 47. Is d(5) prime?
True
Let p(r) = 325*r**2 + 79*r - 13. Is p(8) composite?
False
Let s(r) = -15*r**2 + 14*r**2 + 10*r + 26*r**2 - 21. Let m = 82 - 90. Is s(m) prime?
True
Let h = 2 + 1. Suppose -h*l + 33 = 4*q, -6*q = -q - 15. Suppose -l*t = -955 - 2958. Is t a prime number?
False
Let q(u) = u**2 - 10*u + 201. Let d(z) = z**3 + 9*z**2 - 9*z + 16. Let r be d(-10). Suppose 0 = -4*n + 3*t - 6, 3*t = n - r*n + 6. Is q(n) a prime number?
False
Let j be ((-3)/2 + 0)/((-3)/6). Suppose -3460 = -7*x + j*x + 5*k, 3*k + 3452 = 4*x. Let d = x - -1699. Is d prime?
False
Suppose i - 159*k - 88083 = -164*k, -2*k + 352296 = 4*i. Is i a prime number?
False
Suppose -5*q + 29816 = -2*m, -3*m + 2*m - 3 = 0. Suppose 3*s = c - 5966, 6*c + s = 5*c + q. Is c composite?
True
Suppose -1018*i + 1075*i = 4467603. Is i a composite number?
True
Is (-518)/42*(-6 + -17061) a composite number?
True
Let q = -61 + 63. Let t be 2969/(-6)*q + (-8)/(-12). Let c = t + 1666. Is c a prime number?
True
Let b be (-2 - 14/(-6)) + (-15)/45. Suppose b = -l + 5*v + 2466, -l + 2459 = 3*v - v. Is l a prime number?
False
Suppose 2*a = -66*a + 4499356. Is a a prime number?
False
Suppose s = -5*m - 10 - 2, -2*m = 5*s + 37. Is (-7830)/s - ((-20)/(-35) + -1) prime?
False
Let h = 240 + -240. Suppose h = 50*g - 54*g + 5828. Is g composite?
True
Suppose -27*m + m - 138482 = -2416056. Is m a composite number?
True
Let s be -4 - -3 - (3 + 0 - -4). Let f(y) = -1377*y - 39. Is f(s) composite?
True
Let v be 4882 - ((0 - 1) + (-2)/1). Suppose -22*p + 23*p = v. Is p a composite number?
True
Suppose -9*b + 16*b = 358092. Let f = b - 29813. Is f composite?
True
Suppose -31*n + 33*n + 153489 = q, 5*n = -2*q + 307023. Is q a prime number?
True
Suppose 424*h = 427*h - 9051. Let j = -1552 + h. Is j composite?
True
Suppose 504*r - 87262670 = 394*r. Is r composite?
False
Suppose 15*k = 17*k - 4. Let z be k - (-6 - (-5 - -2)). Suppose -z*t = -5*c - 163 + 1673, -t + 619 = 2*c. Is c a composite number?
False
Let o = -48 + 43. Let j be 2*o/(-10) + 1839. Suppose 2020 + 1052 = 5*c - 2*m, -j = -3*c - 2*m. Is c composite?
True
Suppose 9*q - 14276 = 21004. Let j = q + -1753. Suppose -4*p = -1461 - j. Is p a prime number?
True
Suppose 63*d = 69693 + 141924. Is d composite?
False
Let t be (-20)/50 + (0 - (-32)/5). Let u(s) = 64*s**2 - 4*s + 37. Is u(t) a composite number?
True
Let c(u) be the second derivative of -37*u**3/3 + 3*u**2/2 + 5*u. Let t(s) = -s - 1. Let w(g) = -c(g) + 6*t(g). Is w(5) a prime number?
True
Is (1 - 6) + (748528/55)/(-8)*-5 composite?
False
Suppose -1 = -3*z + 2*j, j + j - 20 = -4*z. Suppose 3*g + 15 = 6*g. Suppose -g*l - 251 = -z*f, -3*f - 2*l + 211 = 3*l. Is f composite?
True
Let i = 184 + -182. Is 155/i*(-5 - (-3270)/50) a composite number?
True
Let k be (-5)/((-10)/(-34)) + -3. Let a = k + 25. Suppose a*d = -5*v + d + 579, -572 = -5*v + 3*d. Is v prime?
False
Let w = -34632 + 87427. Is w a prime number?
False
Suppose -v = 3*q - 10, -2*q + 0*q + 3 = -3*v. Suppose -4*a - 4*h + 84 = 0, a = 2*h + q*h - 9. Suppose a*i = 12*i + 620. Is i prime?
False
Suppose -102*w + 10*w + 2837765 = -1659011. Is w prime?
False
Let q be ((-491)/4)/(-2*3/24). Let b = -132 + q. Suppose 0 = t - b + 112. Is t prime?
False
Let r(p) = 7*p + 21. Let q be r(-4). Let f(c) = -c**3 - 4*c**2 - 8*c + 6. Is f(q) composite?
True
Suppose 0 = -3*l - 2*t + 3252795, -55*l - 2*t = -60*l + 5421341. Is l a prime number?
True
Let a(z) = -z**3 - 11*z**2 + 7*z - 48. Let r be a(-12). Suppose r*m - 5355 = 7305. Is m a composite number?
True
Let y(i) = i**3 + 7*i**2 + 4*i - 12. Let r be y(-5). Let d = -8 + r. Suppose -d*u = -3*u - 1519. Is u composite?
True
Let v = -31824 + 45333. Let k = v - 9426. Is k composite?
True
Is (361874/(-20) - (-8)/16)/((-208)/520) a composite number?
False
Suppose 0 = -3*z - 12, 8 = -2*b - 0*z - 5*z. Let g be (10/(-6) + 2)*b. Suppose -g*t + 8 = 0, -573 = -2*r - r - 3*t. Is r a prime number?
False
Suppose 8*n + 941578 = 30*n. Is n prime?
False
Let n(b) = b**3 - 2*b**2 - 4*b + 3. Let m be n(2). Let z(g) = 117*g + 41. Let w(d) = -59*d - 20. Let l(j) = 5*w(j) + 2*z(j). Is l(m) a prime number?
False
Let o = -110761 + 182298. Is o prime?
True
Let f be 0 - 9/(3/1). Suppose -5*t + 0*t - 2*j + 9885 = 0, -2*j = 0. Is (f + (-30)/(-9))*t composite?
False
Let s = 113334 + 524777. Is s prime?
False
Let f = -39 - -38. Let s be ((-3)/9)/(f/12). Is 30270/(-20)*s/(-6) composite?
False
Is (-15 + 10 + -784769)/(-2) a composite number?
True
Let m be 12/(-9) - (-24860)/15. Suppose 3*u + u = 5*j + m, -854 = -2*u - 4*j. Is u a composite number?
False
Let s(k) = 25*k - 20. Let y be s(-7). Let i be 5/(y/6) - 246351/(-91). Suppose 0 = -0*v + v - i. Is v a composite number?
False
Let r = -14048 + 4169. Let m = -3944 - r. Is m prime?
False
Suppose 0 = -9*h + 454442 + 190201. Is h a composite number?
True
Let y = -896 - -1007. Is 2943757/y - 6/(-9) prime?
False
Suppose 0 = 4*w - 2*s - 0*s - 51430, w - 12856 = 2*s. Suppose 0 = -11*h + 8383 + w. Is h a prime number?
True
Let q be (-6)/24 - 39754/(-8). Suppose 3*y - 1660 = -m, q = 3*m - 6*y + 4*y. Is m prime?
True
Let n be 4008/(-2)*10/(-3). Suppose -2*q = 3*q + 3*c + 523, 0 = -4*q - 4*c - 412. Let b = n - q. Is b composite?
True
Suppose 12*k = -9 + 633. Suppose k*n - 39*n - 13507 = 0. Is n a prime number?
True
Suppose -4*h - 2*d = -45630, -h + 3*h + 4*d = 22800. Suppose -20*r + 54570 = -h. Is r a prime number?
True
Suppose -2*q = q + 4*t - 140, -5*q - 5*t + 230 = 0. Let u = q - 36. Suppose -a - 2*j + 83 = -6, u = -2*j. Is a composite?
False
Let b(z) = 23504*z - 1657. Is b(4) composite?
True
Let a(t) be the third derivative of 33*t**4 + t**3/6 + 10*t**2. Let o be a(3). Suppose 9424 = 4*v - 4*d + 5*d, o = v - 5*d. Is v prime?
True
Suppose 0 = -4*f + 122 - 30. Suppose 0*z + 117 = -4*z - 5*v, 4*z = -3*v - 107. Let o = f - z. Is o a prime number?
False
Suppose 0 = -6*f + 5*f + 3*x, -5*x - 56 = 3*f. Is (4/f)/((-6)/60174) composite?
False
Suppose 0*z - z = q + 2, -3*q - 4*z - 3 = 0. Is (-16612)/12*(-8 - q) composite?
False
Suppose 48 = -5*f + 123. Let h(r) = 33*r + 9 + f + 7 + 25*r. Is h(4) a composite number?
False
Let o(r) = 13522*r**2 + 7*r + 17. Let s be o(-2). Suppose 20*j + s - 1004951 = 0. Is j prime?
True
Let o be (-160)/15 - (-2)/(-6). Let d(f) = 2335*f + 85. Let z(v) = 467*v + 17. Let x(n) = o*z(n) + 2*d(n). Is x(-6) a composite number?
True
Suppose 0 = 3*h - 6, 4*d - 3*h - 14 = -0*d. Suppose 5*k = 4*z + 2479 + 2540, -d*k = 3*z - 5047. Is k a prime number?
False
Is 5808 + 16 + -27 - 1*3 composite?
True
Suppose 3*h + 1 = 19. Is 1/((-12571)/(-2095) - h) a composite number?
True
Suppose 0 = 2*d - 2*t - 38878, -54380 + 15504 = -2*d + 4*t. Let v = d - 12863. Let x = v + -3498. Is x composite?
False
Suppose -24*a = 4*a + 6*a - 2988362. Is a prime?
False
Suppose 19*p - 88863 = 28595. Let y = p + -603. Is y prime?
False
Let k(g) = g**3 + 5*g**2 - 3. Let u be k(-5). Let f(t) = -6*t**2 - 12*t**3 + 7*t**2 - 28*t**3 - 4*t. Is f(u) composite?
True
Let f be -11*(17464/(-8) - 4). Suppose 48108 = -28*t + 30*t + 2*b, t = -4*b + f. Is t a prime number?
False
Let t(v) = 104040*v**2 - 35*v - 100. Is t(-3) a composite number?
True
Let q(r) be the first derivative of -r**2/2 - 4*r - 22. Let c be q(-5). Is 6/12*818/c prime?
True
Let z(o) = 152*o**2 - 78*o + 22. Let x(f) = -51*f**2 + 26*f - 7. Let a(k) = -7*x(k) - 2*z(k). Let h be (-1)/(-3)*-21 - -13. Is a(h) 